Let h(c) = -127*c + 37. Let g(v) = 6*h(v) - 11*m(v). Suppose 22 = -2*n + 2*t, 2*t - t = -4*n - 19. List the prime factors of g(n).
2, 3, 7
Let r(j) = 5668*j**2 - 1922*j + 8. List the prime factors of r(4).
2, 1297
Let j(n) be the second derivative of 0 - 35/2*n**2 - 11*n + 3/2*n**3. What are the prime factors of j(10)?
5, 11
Let z(t) = 159*t - 1841. List the prime factors of z(34).
5, 23, 31
List the prime factors of (-19410)/(-4)*(-1*4 - 272/(-51)).
2, 5, 647
Let p(i) = i**2 - 19*i + 105. Let q be p(12). Let g(s) = 5*s**3 + 2. Let k be g(2). Let f = k + q. List the prime factors of f.
3, 7
List the prime factors of (270181/(-782))/((-2)/176).
2, 11, 691
Suppose -2243 = -3*t + 5*k, -50*t + 46*t = 5*k - 3014. List the prime factors of t.
751
List the prime factors of (-65652)/(-16)*(-11)/66*-8.
5471
Suppose c = 4*u - 9*u + 280, -2*c + 5*u + 545 = 0. Let q = c - 264. What are the prime factors of q?
11
Suppose 0 = -3*v + 3*a - 1 - 5, -3*v - 2*a - 21 = 0. What are the prime factors of ((-2145)/6)/v - 7/14?
71
Suppose h + 2526 = m - 440, 4*h = 2*m - 5922. What are the prime factors of m?
2971
Let h = 5636 + -3137. What are the prime factors of h?
3, 7, 17
Let z be 0 + (-12)/20 - (-972)/20. Suppose -2*b + 2*w + 34 = 0, -z = -3*b - 3*w + 7*w. List the prime factors of b.
2, 5
Let c(t) = -31*t + 109. Let l be c(5). Let w(r) = -r**3 - 46*r**2 + 4*r + 212. List the prime factors of w(l).
2, 7
Let i = -93246 + 138401. List the prime factors of i.
5, 11, 821
Let r be (-6)/(-21) + (-40)/(-7). Let d be ((-70)/21)/((-4)/r) + -2. Suppose -2*g - 5*q + 218 = 0, 0*g + q - 301 = -d*g. What are the prime factors of g?
3, 11
What are the prime factors of (261/464)/((-9)/(-24))*104332/3?
2, 26083
Suppose 104*i - 101*i - 3 = 0. What are the prime factors of (1 - -1*i)*(-3942)/(-54)?
2, 73
Let q(o) = 2*o**3 - 60*o**2 + 98*o + 40. Let n be (((-58)/4)/1)/(32/(-64)). List the prime factors of q(n).
2, 3, 5
Let j be 4/(-18) + (-2982)/(-54). Suppose -2*i - 3*i + 269 = 4*v, -i - 2*v = -j. Let q = i + 32. What are the prime factors of q?
5, 17
Let z(w) be the third derivative of -w**6/15 - 11*w**5/60 - 5*w**3/6 + 19*w**2. What are the prime factors of z(-3)?
2, 7
Suppose -j + 3*j - 17780 = -3*p, -2*j = -3*p + 17764. What are the prime factors of p?
2, 1481
Let d(h) be the first derivative of -11*h**2 - 32*h + 7 - 1/3*h**3. What are the prime factors of d(-16)?
2
Let y(x) = 22241*x**2 - 7*x. What are the prime factors of y(-1)?
2, 3, 103
Suppose -896390 - 38771 = -23*t + 211320. List the prime factors of t.
7, 7121
Suppose w + 8 = 4*b, 4*b - 8 = -2*w + 12. Suppose 0 = 4*f - w, -52*n - 2659 = -54*n + f. What are the prime factors of n?
2, 5, 7, 19
Let t(b) = 613*b - 15354. List the prime factors of t(39).
3, 2851
Let t = 13836 - 8898. What are the prime factors of t?
2, 3, 823
Suppose 28 = -2*r + 24. What are the prime factors of r + ((-284)/(-4) - 2)?
67
Let k(u) = u**3 - 10*u**2 + 6*u + 17. Let m be k(9). Let h be (-15)/(2 + 22/m) - 1. Suppose b = 292 - h. List the prime factors of b.
2, 109
Suppose 10*m = 12*m + 4. What are the prime factors of 20*((-297)/(-6) + m)?
2, 5, 19
Let a(i) = -538*i - 15678. What are the prime factors of a(-156)?
2, 3, 5, 7, 13
Let w(r) = 10*r**2 - 115*r + 3527. What are the prime factors of w(25)?
2, 7, 17, 29
Suppose 2459 = -18*q + 10595. List the prime factors of q.
2, 113
Suppose 10*o = 282 + 188. Suppose -9*c - o = -4979. What are the prime factors of c?
2, 137
Suppose 3*w = w + 3*p - 31, w = -3*p + 7. Let g be (-48)/(-28)*(-42)/4. What are the prime factors of w/g - (-28496)/117?
2, 61
Let w be (3124/(-110))/(2/(-20)). Let c = 207 + w. What are the prime factors of c?
491
List the prime factors of (1 - 2222)/(2*1/(-6)).
3, 2221
Let a = -91 + 98. Let q(l) = 3*l**2 - 6*l + 21. Let n be q(a). Suppose -5*u - 31 = -n. List the prime factors of u.
19
Let j = 353 - -138. Suppose 0 = -3*w - 3, -w + 3*w = -3*h - j. Let k = 255 + h. What are the prime factors of k?
2, 23
Suppose -29*s - 5*s = -69734. What are the prime factors of s?
7, 293
Let u(b) = -65*b + 6. Let o be u(-1). Suppose 0 = -o*z + 64*z + 3913. List the prime factors of z.
13, 43
Let z(b) = b**3 - 5*b**2 + 636. Let m be z(0). List the prime factors of (m/30 - 6)*45.
2, 3, 19
List the prime factors of (-12)/((-8)/(-4))*-6*415/20.
3, 83
Suppose -49795 = -5*f + 5*g, -f = 107*g - 103*g - 9944. List the prime factors of f.
2, 19, 131
Suppose 4*n + 13972 = 3*m, 4*n + 163 = 183. List the prime factors of m.
2, 11, 53
Suppose -68083 - 28237 = -5*b + j, -2*j = 0. List the prime factors of b.
2, 7, 43
Suppose -5*w + 154 = -i - 99, 759 = -3*i - 2*w. Let m = -128 - i. Let q = -67 + m. List the prime factors of q.
2, 29
Let p be 1/9 + 61986/54. Suppose 3*k + 5*l - 257 - p = 0, 5*l = 25. Suppose 16*s - 14*s = k. List the prime factors of s.
2, 5, 23
Let h(y) = -5*y**3 + 67*y**2 + 20*y - 28. List the prime factors of h(-9).
2, 277
Suppose 33*g = 177512 + 256141. List the prime factors of g.
17, 773
Let v be (3 - 42/10)/(24/(-16740)). Suppose -5*u - 2*z + v = -0*z, -497 = -3*u + 4*z. List the prime factors of u.
167
Let o(i) = 7*i - 107. List the prime factors of o(23).
2, 3
Suppose -3*o - 198245 = -15*o + 70363. What are the prime factors of o?
2, 1399
Suppose -1498 - 86 = 11*z. Let t = z - -173. What are the prime factors of t?
29
Let p be -8 - -3 - (-1 + 2)*-1. List the prime factors of (-748)/(3/(6/p)).
2, 11, 17
Suppose -27*o + 32*o = g - 4671, 0 = -o + 4. List the prime factors of g.
4691
Let m(x) = -79*x + 79. Suppose -5*k - 52 = -3*a, -5*a = -k - k - 17. Let q be m(k). What are the prime factors of -2 + (-3 - q/(-4))?
2, 29
Suppose -9*f + 22681 = -420 - 18596. List the prime factors of f.
41, 113
Suppose 3*d - 2*k + 5 = -0*d, 5*d + 5*k + 25 = 0. Let y = d - -1566. List the prime factors of y.
3, 521
Suppose -2060 = -3*m + 217. List the prime factors of m.
3, 11, 23
List the prime factors of (-80)/(-6)*((-333)/36*-114 + 9).
2, 5, 709
Let h(j) = j**2 + 15*j - 37. Let b be h(-17). Let u be -4*(b + 1) + -4 - 5. What are the prime factors of 3/u - (4 - 189)?
2, 7, 13
Let b be (-5)/(45/6) + 25/15. Let z(j) = 192*j + 8. What are the prime factors of z(b)?
2, 5
Suppose 5*x + 6*w - 3*w = 22, 4*x + 3*w - 20 = 0. Let g be 4 - ((-12)/(-4) + -7). Suppose -5*m + 283 = c, 124 = x*m - g*c + 3*c. List the prime factors of m.
3, 19
Let o = -151 - 523. Let g = 1241 + o. List the prime factors of g.
3, 7
Suppose 4*t - 2542 = 10158. List the prime factors of t.
5, 127
Let u be (-15)/(-3) + -10 + 69. Suppose 11*q + u - 20 = 0. What are the prime factors of ((8 - 4) + (-450)/q)*2?
233
Suppose 0 = 2*a + 4, a - 2*a - 52 = -5*c. Let w(j) = -j**3 + 10*j**2 + 3*j + 10. Let b be w(c). What are the prime factors of b - (-5 + 7 - (0 + 1))?
3, 13
Suppose 5*f - 3*j - 371 = 0, -3*f + 5*f = -4*j + 164. Let g = 8262 + -8258. Suppose f = g*w - 68. What are the prime factors of w?
2, 3
Let d(w) = 769*w - 6293. List the prime factors of d(31).
2, 31, 283
Suppose b + 3 = 5*b + 5*n, -3*n = 3. Suppose -b*z + 11*z - 3744 = 0. List the prime factors of z.
2, 13
Let q(w) = 3*w**3 - 7*w**2 + 4*w. Let y be q(6). Let a = y + 77. List the prime factors of a.
7, 71
Suppose 4*o = -l + 12428, 0 = -15*o + 13*o - 2*l + 6214. What are the prime factors of o?
13, 239
Let o(w) = -w**2 + 5*w - 3. Let j be o(5). Let l be (-10)/(-6)*(-18)/j. Suppose -8*v - 10 = -l*v. List the prime factors of v.
5
Suppose 4 = -2*p, -v - 18 = v + 2*p. Let z be (v/(-2) + -4)*-12. Suppose 0 = s + 1 - z. What are the prime factors of s?
5
Suppose 2*w + 0*d + 15 = -5*d, 4*w - 4*d - 40 = 0. Let x be 2*(-5)/(w/1). List the prime factors of x/1*(-15 - 10).
2, 5
Suppose 1730*q - 1828*q = -96236. What are the prime factors of q?
2, 491
Let o(h) = -9*h + 24. Let p be o(2). Suppose -12*x + p*x = -1194. What are the prime factors of x?
199
Suppose 3*v + 4*l = -2 + 4, 5*l = -3*v + 4. List the prime factors of (v/(4/(-257)))/((-1)/(-6)).
3, 257
Let k(x) = -42*x + 18 - 75 + 143*x. List the prime factors of k(4).
347
Suppose 4*w = 3*x + 2*x - 140, -5*x = -5*w - 180. Let d = w + 13. List the prime factors of (-2)/(-3)*3/(-1) - d.
5
Let n = 810 - 814. Let o(g) be the second derivative of g**4/12 - g**3/3 + g**2 + 2*g. List the prime factors of o(n).
2, 13
Suppose -x = -2*v + 20481, 3